{"id":592,"date":"2024-10-27T19:04:29","date_gmt":"2024-10-27T19:04:29","guid":{"rendered":"https:\/\/maparentalite-emois.fr\/?page_id=592"},"modified":"2024-10-27T19:10:52","modified_gmt":"2024-10-27T19:10:52","slug":"ateliers-graines-de-secouristes","status":"publish","type":"page","link":"https:\/\/maparentalite-emois.fr\/index.php\/ateliers-graines-de-secouristes\/","title":{"rendered":"Ateliers graines de secouristes"},"content":{"rendered":"\t\t<div data-elementor-type=\"wp-page\" data-elementor-id=\"592\" class=\"elementor elementor-592\">\n\t\t\t\t<div class=\"elementor-element elementor-element-f605b84 e-flex e-con-boxed e-con e-parent\" data-id=\"f605b84\" data-element_type=\"container\" data-e-type=\"container\">\n\t\t\t\t\t<div class=\"e-con-inner\">\n\t\t<div class=\"elementor-element elementor-element-4361524 e-con-full e-flex e-con e-child\" data-id=\"4361524\" data-element_type=\"container\" data-e-type=\"container\">\n\t\t\t\t<div class=\"elementor-element elementor-element-0422d64 elementor-widget elementor-widget-heading\" data-id=\"0422d64\" data-element_type=\"widget\" data-e-type=\"widget\" data-widget_type=\"heading.default\">\n\t\t\t\t<div class=\"elementor-widget-container\">\n\t\t\t\t\t<h2 class=\"elementor-heading-title elementor-size-default\"><b>Ateliers\"graines de secouristes\"<\/b><\/h2>\t\t\t\t<\/div>\n\t\t\t\t<\/div>\n\t\t\t\t<div class=\"elementor-element elementor-element-fe6f053 elementor-widget elementor-widget-text-editor\" data-id=\"fe6f053\" data-element_type=\"widget\" data-e-type=\"widget\" data-widget_type=\"text-editor.default\">\n\t\t\t\t<div class=\"elementor-widget-container\">\n\t\t\t\t\t\t\t\t\t<p>Apprendre \u00e0 porter secours de mani\u00e8re ludique.<\/p><p>3 ateliers pour des tranches d\u2019\u00e2ges diff\u00e9rentes .<\/p><p>Ecole\/Centre de loisirs\/Anniversaires<\/p>\t\t\t\t\t\t\t\t<\/div>\n\t\t\t\t<\/div>\n\t\t\t\t<div class=\"elementor-element elementor-element-707ef63 elementor-widget elementor-widget-text-editor\" data-id=\"707ef63\" data-element_type=\"widget\" data-e-type=\"widget\" data-widget_type=\"text-editor.default\">\n\t\t\t\t<div class=\"elementor-widget-container\">\n\t\t\t\t\t\t\t\t\t<div><div><h6>Pr\u00e9venir et alerter (4 \u00e0 5 ans)\u00a0<\/h6><\/div><\/div><div><div><h2>Atelier Mini secouriste<\/h2><\/div><\/div><div><div><div>Dur\u00e9e : 1H \/ 15 euros<\/div><\/div><\/div><div><div><div>Atelier parent\/enfant<\/div><\/div><\/div><div><div><p>Durant cet atelier, votre enfant apprendra \u00e0 identifier les dangers domestiques avec une alternance de jeux et de mise en sc\u00e8ne<\/p><p>Il repartira en connaissant le num\u00e9ro d\u2019alerte, et le message \u00e0 formuler en cas d\u2019accident.<\/p><\/div><\/div><div><div><p>Un enfant de 4 ans peut sauver son papa ou sa maman en composant le num\u00e9ro<br \/>d\u2019urgence. Il peut apprendre \u00e9galement \u00e0 d\u00e9tecter une situation dangereuse et pr\u00e9venir les secours<\/p><\/div><\/div><p>\u00a0<\/p>\t\t\t\t\t\t\t\t<\/div>\n\t\t\t\t<\/div>\n\t\t\t\t<div class=\"elementor-element elementor-element-a92a549 elementor-widget elementor-widget-text-editor\" data-id=\"a92a549\" data-element_type=\"widget\" data-e-type=\"widget\" data-widget_type=\"text-editor.default\">\n\t\t\t\t<div class=\"elementor-widget-container\">\n\t\t\t\t\t\t\t\t\t<div><div><h6>Alerter et porter secours aux petits bobos (6 \u00e0 8 ans)\u00a0<\/h6><\/div><\/div><div><div><h2>Petit secouriste<\/h2><\/div><\/div><div><div><div>Dur\u00e9e : 1H30 \/ 20 euros<\/div><\/div><\/div><div><div><p>Que faire s\u2019il arrive quelque chose \u00e0 l\u2019adulte qui veille sur moi.<br \/>Qui appeler ? Quel message transmettre aux secours\u2026? Mais aussi, que faire en cas de chute, br\u00fblure, coupure ?<br \/>L\u2019enfant saura donner l\u2019alerte, porter secours et g\u00e9rer des petit bobos du quotidien<\/p><\/div><\/div>\t\t\t\t\t\t\t\t<\/div>\n\t\t\t\t<\/div>\n\t\t\t\t<div class=\"elementor-element elementor-element-18e3198 elementor-widget elementor-widget-text-editor\" data-id=\"18e3198\" data-element_type=\"widget\" data-e-type=\"widget\" data-widget_type=\"text-editor.default\">\n\t\t\t\t<div class=\"elementor-widget-container\">\n\t\t\t\t\t\t\t\t\t<div><div><h6>de 9 \u00e0 10 ans\u00a0<\/h6><\/div><\/div><div><div><h2>Apprenti secouriste<\/h2><\/div><\/div><div><div><div>Dur\u00e9e : 1H30 \/ 20 euros<\/div><\/div><\/div><div><div><div>Atelier parent\/enfant<\/div><\/div><\/div><div><div><p>Alerte, protection, coupure, brulure chute, \u00e9touffement et perte de connaissances.<br \/>Les gestes de secourisme appris de fa\u00e7on ludique aux enfants.<\/p><\/div><\/div>\t\t\t\t\t\t\t\t<\/div>\n\t\t\t\t<\/div>\n\t\t\t\t<\/div>\n\t\t<div class=\"elementor-element elementor-element-61f05da e-con-full e-flex e-con e-child\" data-id=\"61f05da\" data-element_type=\"container\" data-e-type=\"container\">\n\t\t\t\t<div class=\"elementor-element elementor-element-4481ade elementor-widget elementor-widget-image\" data-id=\"4481ade\" data-element_type=\"widget\" data-e-type=\"widget\" data-widget_type=\"image.default\">\n\t\t\t\t<div class=\"elementor-widget-container\">\n\t\t\t\t\t\t\t\t\t\t\t\t\t\t\t<img fetchpriority=\"high\" decoding=\"async\" width=\"1024\" height=\"1024\" src=\"https:\/\/maparentalite-emois.fr\/wp-content\/uploads\/2024\/10\/Design-sans-titre-24-1024x1024.png\" class=\"attachment-large size-large wp-image-587\" alt=\"\" srcset=\"https:\/\/maparentalite-emois.fr\/wp-content\/uploads\/2024\/10\/Design-sans-titre-24-1024x1024.png 1024w, https:\/\/maparentalite-emois.fr\/wp-content\/uploads\/2024\/10\/Design-sans-titre-24-300x300.png 300w, https:\/\/maparentalite-emois.fr\/wp-content\/uploads\/2024\/10\/Design-sans-titre-24-150x150.png 150w, https:\/\/maparentalite-emois.fr\/wp-content\/uploads\/2024\/10\/Design-sans-titre-24-768x768.png 768w, https:\/\/maparentalite-emois.fr\/wp-content\/uploads\/2024\/10\/Design-sans-titre-24.png 1080w\" sizes=\"(max-width: 1024px) 100vw, 1024px\" \/>\t\t\t\t\t\t\t\t\t\t\t\t\t\t\t<\/div>\n\t\t\t\t<\/div>\n\t\t\t\t<\/div>\n\t\t\t\t\t<\/div>\n\t\t\t\t<\/div>\n\t\t\t\t<\/div>\n\t\t","protected":false},"excerpt":{"rendered":"<p>Ateliers\u00a0\u00bbgraines de secouristes\u00a0\u00bb Apprendre \u00e0 porter secours de mani\u00e8re ludique. 3 ateliers pour des tranches d\u2019\u00e2ges diff\u00e9rentes . Ecole\/Centre de [&hellip;]<\/p>\n","protected":false},"author":1,"featured_media":0,"parent":0,"menu_order":0,"comment_status":"closed","ping_status":"closed","template":"","meta":{"site-sidebar-layout":"no-sidebar","site-content-layout":"","ast-site-content-layout":"full-width-container","site-content-style":"default","site-sidebar-style":"default","ast-global-header-display":"","ast-banner-title-visibility":"","ast-main-header-display":"","ast-hfb-above-header-display":"","ast-hfb-below-header-display":"","ast-hfb-mobile-header-display":"","site-post-title":"disabled","ast-breadcrumbs-content":"","ast-featured-img":"disabled","footer-sml-layout":"","ast-disable-related-posts":"","theme-transparent-header-meta":"","adv-header-id-meta":"","stick-header-meta":"","header-above-stick-meta":"","header-main-stick-meta":"","header-below-stick-meta":"","astra-migrate-meta-layouts":"default","ast-page-background-enabled":"default","ast-page-background-meta":{"desktop":{"background-color":"var(--ast-global-color-4)","background-image":"","background-repeat":"repeat","background-position":"center center","background-size":"auto","background-attachment":"scroll","background-type":"","background-media":"","overlay-type":"","overlay-color":"","overlay-opacity":"","overlay-gradient":""},"tablet":{"background-color":"","background-image":"","background-repeat":"repeat","background-position":"center center","background-size":"auto","background-attachment":"scroll","background-type":"","background-media":"","overlay-type":"","overlay-color":"","overlay-opacity":"","overlay-gradient":""},"mobile":{"background-color":"","background-image":"","background-repeat":"repeat","background-position":"center center","background-size":"auto","background-attachment":"scroll","background-type":"","background-media":"","overlay-type":"","overlay-color":"","overlay-opacity":"","overlay-gradient":""}},"ast-content-background-meta":{"desktop":{"background-color":"var(--ast-global-color-5)","background-image":"","background-repeat":"repeat","background-position":"center center","background-size":"auto","background-attachment":"scroll","background-type":"","background-media":"","overlay-type":"","overlay-color":"","overlay-opacity":"","overlay-gradient":""},"tablet":{"background-color":"var(--ast-global-color-5)","background-image":"","background-repeat":"repeat","background-position":"center center","background-size":"auto","background-attachment":"scroll","background-type":"","background-media":"","overlay-type":"","overlay-color":"","overlay-opacity":"","overlay-gradient":""},"mobile":{"background-color":"var(--ast-global-color-5)","background-image":"","background-repeat":"repeat","background-position":"center center","background-size":"auto","background-attachment":"scroll","background-type":"","background-media":"","overlay-type":"","overlay-color":"","overlay-opacity":"","overlay-gradient":""}},"footnotes":""},"class_list":["post-592","page","type-page","status-publish","hentry"],"_links":{"self":[{"href":"https:\/\/maparentalite-emois.fr\/index.php\/wp-json\/wp\/v2\/pages\/592","targetHints":{"allow":["GET"]}}],"collection":[{"href":"https:\/\/maparentalite-emois.fr\/index.php\/wp-json\/wp\/v2\/pages"}],"about":[{"href":"https:\/\/maparentalite-emois.fr\/index.php\/wp-json\/wp\/v2\/types\/page"}],"author":[{"embeddable":true,"href":"https:\/\/maparentalite-emois.fr\/index.php\/wp-json\/wp\/v2\/users\/1"}],"replies":[{"embeddable":true,"href":"https:\/\/maparentalite-emois.fr\/index.php\/wp-json\/wp\/v2\/comments?post=592"}],"version-history":[{"count":4,"href":"https:\/\/maparentalite-emois.fr\/index.php\/wp-json\/wp\/v2\/pages\/592\/revisions"}],"predecessor-version":[{"id":600,"href":"https:\/\/maparentalite-emois.fr\/index.php\/wp-json\/wp\/v2\/pages\/592\/revisions\/600"}],"wp:attachment":[{"href":"https:\/\/maparentalite-emois.fr\/index.php\/wp-json\/wp\/v2\/media?parent=592"}],"curies":[{"name":"wp","href":"https:\/\/api.w.org\/{rel}","templated":true}]}}