{"id":58,"date":"2024-10-20T18:14:22","date_gmt":"2024-10-20T18:14:22","guid":{"rendered":"https:\/\/maparentalite-emois.fr\/?page_id=58"},"modified":"2025-11-25T15:20:24","modified_gmt":"2025-11-25T14:20:24","slug":"qui-suis-je","status":"publish","type":"page","link":"https:\/\/maparentalite-emois.fr\/index.php\/qui-suis-je\/","title":{"rendered":"Qui suis-je?"},"content":{"rendered":"\t\t<div data-elementor-type=\"wp-page\" data-elementor-id=\"58\" class=\"elementor elementor-58\">\n\t\t\t\t<div class=\"elementor-element elementor-element-13e6787 e-flex e-con-boxed e-con e-parent\" data-id=\"13e6787\" data-element_type=\"container\" data-e-type=\"container\">\n\t\t\t\t\t<div class=\"e-con-inner\">\n\t\t\t\t<div class=\"elementor-element elementor-element-7accb02 elementor-widget elementor-widget-heading\" data-id=\"7accb02\" data-element_type=\"widget\" data-e-type=\"widget\" data-widget_type=\"heading.default\">\n\t\t\t\t<div class=\"elementor-widget-container\">\n\t\t\t\t\t<h2 class=\"elementor-heading-title elementor-size-default\"><b>Qui suis-je?<\/b><\/h2>\t\t\t\t<\/div>\n\t\t\t\t<\/div>\n\t\t\t\t<div class=\"elementor-element elementor-element-359d080 elementor-widget elementor-widget-text-editor\" data-id=\"359d080\" data-element_type=\"widget\" data-e-type=\"widget\" data-widget_type=\"text-editor.default\">\n\t\t\t\t<div class=\"elementor-widget-container\">\n\t\t\t\t\t\t\t\t\t<p>Je m\u2019appelle Cindy Naud\u00e9, \u00e9ducatrice de jeunes enfants dipl\u00f4m\u00e9e d\u2019\u00c9tat depuis plus de 15 ans, accompagnante parentale et cr\u00e9atrice de Ma Parentalit\u00e9 \u00c9mois.<\/p><p><span style=\"font-style: inherit; font-weight: inherit;\">Je suis aussi maman de trois enfants, ce qui nourrit chaque jour ma fa\u00e7on d\u2019\u00eatre et d\u2019accompagner les tout-petits et leurs parents.<\/span><\/p><p><span style=\"font-style: inherit; font-weight: inherit;\">Depuis plus de 15 ans, j\u2019accompagne les tout-petits et leurs familles, j&rsquo;ai\u00a0pu exercer dans diff\u00e9rents lieux d\u2019accueil : cr\u00e8ches, micro-cr\u00e8ches, haltes-garderies, relais d\u2019auxiliaires parentales, plusieurs ann\u00e9es comme directrice et en LAEP (Lieux d&rsquo;Accueil Enfant Parent) o\u00f9 je travaille toujours<\/span><\/p><p><span style=\"font-style: inherit; font-weight: inherit;\">.Ces ann\u00e9es de terrain ont nourri ma conviction profonde :<\/span><span style=\"font-style: inherit;\"><b>Le jeune enfant se construit avant tout dans le mouvement, dans l\u2019exploration, dans la cr\u00e9ativit\u00e9 et dans le lien avec les adultes qui l\u2019entourent.<\/b><\/span><\/p>\t\t\t\t\t\t\t\t<\/div>\n\t\t\t\t<\/div>\n\t\t\t\t<div class=\"elementor-element elementor-element-05bc7cc elementor-widget elementor-widget-heading\" data-id=\"05bc7cc\" data-element_type=\"widget\" data-e-type=\"widget\" data-widget_type=\"heading.default\">\n\t\t\t\t<div class=\"elementor-widget-container\">\n\t\t\t\t\t<h2 class=\"elementor-heading-title elementor-size-default\"><b>Comment mon accompagnement a \u00e9volu\u00e9<\/b><\/h2>\t\t\t\t<\/div>\n\t\t\t\t<\/div>\n\t\t\t\t<div class=\"elementor-element elementor-element-ceb0c8b elementor-widget elementor-widget-text-editor\" data-id=\"ceb0c8b\" data-element_type=\"widget\" data-e-type=\"widget\" data-widget_type=\"text-editor.default\">\n\t\t\t\t<div class=\"elementor-widget-container\">\n\t\t\t\t\t\t\t\t\t<p>Au d\u00e9part, j\u2019avais \u00e0 c\u0153ur d\u2019accompagner les familles de mani\u00e8re tr\u00e8s personnalis\u00e9e, au plus pr\u00e8s de leurs besoins et de leur histoire. Cette vocation reste intacte\u00a0 mais elle s\u2019est transform\u00e9e.<\/p><p>Avec le temps, j\u2019ai compris que ce qui soutient le plus profond\u00e9ment la relation parent-enfant n\u2019est pas seulement l\u2019\u00e9change ou le conseil, mais l\u2019exp\u00e9rience v\u00e9cue ensemble :le corps qui bouge, les sens qui s\u2019\u00e9veillent, le jeu partag\u00e9, la libert\u00e9 d\u2019explorer, le plaisir d\u2019\u00eatre ensemble.<\/p><p>J\u2019ai donc fait \u00e9voluer ma pratique vers un accompagnement plus corporel, sensoriel, artistique et exp\u00e9rientiel.<\/p><p>Aujourd\u2019hui, ma mission est d\u2019offrir aux enfants et aux parents des espaces o\u00f9 :<\/p><ul><li><p>on touche, on ressent, on cr\u00e9e<\/p><\/li><li><p>on explore librement<\/p><\/li><li><p>on renforce la confiance mutuelle<\/p><\/li><li><p>on se reconnecte dans la joie<\/p><\/li><\/ul>\t\t\t\t\t\t\t\t<\/div>\n\t\t\t\t<\/div>\n\t\t\t\t<div class=\"elementor-element elementor-element-11b5681 elementor-widget elementor-widget-heading\" data-id=\"11b5681\" data-element_type=\"widget\" data-e-type=\"widget\" data-widget_type=\"heading.default\">\n\t\t\t\t<div class=\"elementor-widget-container\">\n\t\t\t\t\t<h2 class=\"elementor-heading-title elementor-size-default\"><b>Ma mani\u00e8re d\u2019accompagner aujourd\u2019hui<\/b><\/h2>\t\t\t\t<\/div>\n\t\t\t\t<\/div>\n\t\t\t\t<div class=\"elementor-element elementor-element-20950b2 elementor-widget elementor-widget-text-editor\" data-id=\"20950b2\" data-element_type=\"widget\" data-e-type=\"widget\" data-widget_type=\"text-editor.default\">\n\t\t\t\t<div class=\"elementor-widget-container\">\n\t\t\t\t\t\t\t\t\t<p>\u00c0 travers des espaces d\u2019exploration et de cr\u00e9ativit\u00e9 d\u00e9di\u00e9s aux enfants de 8 mois \u00e0 4 ans et \u00e0 leurs parents, je propose :<\/p>\n<p><\/p>\n<ul>\n<li>\n<p>des moments de mouvement et d\u2019\u00e9veil corporel<\/p>\n<\/li>\n<li>\n<p>des exp\u00e9riences sensorielles immersives<\/p>\n<\/li>\n<li>\n<p>des explorations artistiques libres<\/p>\n<\/li>\n<li>\n<p>des espaces YES SPACE qui soutiennent la cr\u00e9ativit\u00e9 spontan\u00e9e<\/p>\n<\/li>\n<li>\n<p>des temps o\u00f9 le parent peut observer, se relier, s\u2019\u00e9merveiller<\/p>\n<\/li>\n<\/ul>\n<p>J\u2019accompagne toutes les familles, sans exception :<\/p>\n<p>parents novices ou exp\u00e9riment\u00e9s, familles homoparentales, monoparentales, recompos\u00e9es, adoptives\u2026<\/p>\n<p>Ici, il n\u2019y a pas de mod\u00e8le parfait : juste un espace pour \u00eatre soi, ensemble.<\/p>\t\t\t\t\t\t\t\t<\/div>\n\t\t\t\t<\/div>\n\t\t\t\t<div class=\"elementor-element elementor-element-f36a115 elementor-widget elementor-widget-heading\" data-id=\"f36a115\" data-element_type=\"widget\" data-e-type=\"widget\" data-widget_type=\"heading.default\">\n\t\t\t\t<div class=\"elementor-widget-container\">\n\t\t\t\t\t<h2 class=\"elementor-heading-title elementor-size-default\"><b>Ma Parentalit\u00e9 \u00c9mois, c\u2019est\u2026\n<\/b>\n<\/h2>\t\t\t\t<\/div>\n\t\t\t\t<\/div>\n\t\t\t\t<div class=\"elementor-element elementor-element-9233c6f elementor-widget elementor-widget-text-editor\" data-id=\"9233c6f\" data-element_type=\"widget\" data-e-type=\"widget\" data-widget_type=\"text-editor.default\">\n\t\t\t\t<div class=\"elementor-widget-container\">\n\t\t\t\t\t\t\t\t\t<p>Un lieu o\u00f9 le corps parle.<\/p><p>Un lieu o\u00f9 l\u2019enfant montre le chemin.<\/p><p>Un lieu o\u00f9 le parent peut respirer.<\/p><p>Un lieu o\u00f9 l\u2019on cr\u00e9e, o\u00f9 l\u2019on explore, o\u00f9 l\u2019on se reconnecte.<\/p><p>Un lieu o\u00f9 l\u2019on se rencontre autrement.<\/p>\t\t\t\t\t\t\t\t<\/div>\n\t\t\t\t<\/div>\n\t\t\t\t<div class=\"elementor-element elementor-element-4636173 elementor-widget elementor-widget-heading\" data-id=\"4636173\" data-element_type=\"widget\" data-e-type=\"widget\" data-widget_type=\"heading.default\">\n\t\t\t\t<div class=\"elementor-widget-container\">\n\t\t\t\t\t<h2 class=\"elementor-heading-title elementor-size-default\">Rejoignez-moi dans cette aventure humaine et bienveillante. Parce que votre parentalit\u00e9 m\u00e9rite toute notre attention.\n\n<\/h2>\t\t\t\t<\/div>\n\t\t\t\t<\/div>\n\t\t\t\t\t<\/div>\n\t\t\t\t<\/div>\n\t\t<div class=\"elementor-element elementor-element-d00a572 e-flex e-con-boxed e-con e-parent\" data-id=\"d00a572\" data-element_type=\"container\" data-e-type=\"container\">\n\t\t\t\t\t<div class=\"e-con-inner\">\n\t\t\t\t<div class=\"elementor-element elementor-element-4e511b9 elementor-widget elementor-widget-button\" data-id=\"4e511b9\" data-element_type=\"widget\" data-e-type=\"widget\" data-widget_type=\"button.default\">\n\t\t\t\t<div class=\"elementor-widget-container\">\n\t\t\t\t\t\t\t\t\t<div class=\"elementor-button-wrapper\">\n\t\t\t\t\t<a class=\"elementor-button elementor-button-link elementor-size-sm\" href=\"https:\/\/maparentalite-emois.fr\/index.php\/qui-suis-je\/quelle-est-mon-approche\/\">\n\t\t\t\t\t\t<span class=\"elementor-button-content-wrapper\">\n\t\t\t\t\t\t\t\t\t<span class=\"elementor-button-text\">Mes propositions<\/span>\n\t\t\t\t\t<\/span>\n\t\t\t\t\t<\/a>\n\t\t\t\t<\/div>\n\t\t\t\t\t\t\t\t<\/div>\n\t\t\t\t<\/div>\n\t\t\t\t\t<\/div>\n\t\t\t\t<\/div>\n\t\t\t\t<\/div>\n\t\t","protected":false},"excerpt":{"rendered":"<p>Qui suis-je? Je m\u2019appelle Cindy Naud\u00e9, \u00e9ducatrice de jeunes enfants dipl\u00f4m\u00e9e d\u2019\u00c9tat depuis plus de 15 ans, accompagnante parentale et [&hellip;]<\/p>\n","protected":false},"author":1,"featured_media":0,"parent":0,"menu_order":0,"comment_status":"closed","ping_status":"closed","template":"","meta":{"site-sidebar-layout":"default","site-content-layout":"","ast-site-content-layout":"default","site-content-style":"default","site-sidebar-style":"default","ast-global-header-display":"","ast-banner-title-visibility":"","ast-main-header-display":"","ast-hfb-above-header-display":"","ast-hfb-below-header-display":"","ast-hfb-mobile-header-display":"","site-post-title":"","ast-breadcrumbs-content":"","ast-featured-img":"","footer-sml-layout":"","ast-disable-related-posts":"","theme-transparent-header-meta":"default","adv-header-id-meta":"","stick-header-meta":"","header-above-stick-meta":"","header-main-stick-meta":"","header-below-stick-meta":"","astra-migrate-meta-layouts":"set","ast-page-background-enabled":"default","ast-page-background-meta":{"desktop":{"background-color":"var(--ast-global-color-4)","background-image":"","background-repeat":"repeat","background-position":"center center","background-size":"auto","background-attachment":"scroll","background-type":"","background-media":"","overlay-type":"","overlay-color":"","overlay-opacity":"","overlay-gradient":""},"tablet":{"background-color":"","background-image":"","background-repeat":"repeat","background-position":"center center","background-size":"auto","background-attachment":"scroll","background-type":"","background-media":"","overlay-type":"","overlay-color":"","overlay-opacity":"","overlay-gradient":""},"mobile":{"background-color":"","background-image":"","background-repeat":"repeat","background-position":"center center","background-size":"auto","background-attachment":"scroll","background-type":"","background-media":"","overlay-type":"","overlay-color":"","overlay-opacity":"","overlay-gradient":""}},"ast-content-background-meta":{"desktop":{"background-color":"var(--ast-global-color-5)","background-image":"","background-repeat":"repeat","background-position":"center center","background-size":"auto","background-attachment":"scroll","background-type":"","background-media":"","overlay-type":"","overlay-color":"","overlay-opacity":"","overlay-gradient":""},"tablet":{"background-color":"var(--ast-global-color-5)","background-image":"","background-repeat":"repeat","background-position":"center center","background-size":"auto","background-attachment":"scroll","background-type":"","background-media":"","overlay-type":"","overlay-color":"","overlay-opacity":"","overlay-gradient":""},"mobile":{"background-color":"var(--ast-global-color-5)","background-image":"","background-repeat":"repeat","background-position":"center center","background-size":"auto","background-attachment":"scroll","background-type":"","background-media":"","overlay-type":"","overlay-color":"","overlay-opacity":"","overlay-gradient":""}},"footnotes":""},"class_list":["post-58","page","type-page","status-publish","hentry"],"_links":{"self":[{"href":"https:\/\/maparentalite-emois.fr\/index.php\/wp-json\/wp\/v2\/pages\/58","targetHints":{"allow":["GET"]}}],"collection":[{"href":"https:\/\/maparentalite-emois.fr\/index.php\/wp-json\/wp\/v2\/pages"}],"about":[{"href":"https:\/\/maparentalite-emois.fr\/index.php\/wp-json\/wp\/v2\/types\/page"}],"author":[{"embeddable":true,"href":"https:\/\/maparentalite-emois.fr\/index.php\/wp-json\/wp\/v2\/users\/1"}],"replies":[{"embeddable":true,"href":"https:\/\/maparentalite-emois.fr\/index.php\/wp-json\/wp\/v2\/comments?post=58"}],"version-history":[{"count":19,"href":"https:\/\/maparentalite-emois.fr\/index.php\/wp-json\/wp\/v2\/pages\/58\/revisions"}],"predecessor-version":[{"id":1432,"href":"https:\/\/maparentalite-emois.fr\/index.php\/wp-json\/wp\/v2\/pages\/58\/revisions\/1432"}],"wp:attachment":[{"href":"https:\/\/maparentalite-emois.fr\/index.php\/wp-json\/wp\/v2\/media?parent=58"}],"curies":[{"name":"wp","href":"https:\/\/api.w.org\/{rel}","templated":true}]}}