{"id":191,"date":"2024-10-21T14:59:38","date_gmt":"2024-10-21T14:59:38","guid":{"rendered":"https:\/\/maparentalite-emois.fr\/?page_id=191"},"modified":"2025-05-04T16:42:47","modified_gmt":"2025-05-04T14:42:47","slug":"bebe-yoga-naissance-5-mois-a-domicile-ou-en-ligne","status":"publish","type":"page","link":"https:\/\/maparentalite-emois.fr\/index.php\/bebe-yoga-naissance-5-mois-a-domicile-ou-en-ligne\/","title":{"rendered":"B\u00e9b\u00e9 yoga 3 semaines &#8211; 6 mois \u00e0 domicile ou en collectif"},"content":{"rendered":"\t\t<div data-elementor-type=\"wp-page\" data-elementor-id=\"191\" class=\"elementor elementor-191\">\n\t\t\t\t<div class=\"elementor-element elementor-element-1313b8c e-flex e-con-boxed e-con e-parent\" data-id=\"1313b8c\" data-element_type=\"container\" data-e-type=\"container\">\n\t\t\t\t\t<div class=\"e-con-inner\">\n\t\t<div class=\"elementor-element elementor-element-88f5e48 e-con-full e-flex e-con e-child\" data-id=\"88f5e48\" data-element_type=\"container\" data-e-type=\"container\">\n\t\t\t\t<div class=\"elementor-element elementor-element-162cd6a elementor-widget elementor-widget-heading\" data-id=\"162cd6a\" data-element_type=\"widget\" data-e-type=\"widget\" data-widget_type=\"heading.default\">\n\t\t\t\t<div class=\"elementor-widget-container\">\n\t\t\t\t\t<h2 class=\"elementor-heading-title elementor-size-default\"><b> B\u00e9b\u00e9 Yoga de la naissance \u00e0 6 mois<\/b><\/h2>\t\t\t\t<\/div>\n\t\t\t\t<\/div>\n\t\t\t\t<div class=\"elementor-element elementor-element-92098e7 elementor-widget elementor-widget-text-editor\" data-id=\"92098e7\" data-element_type=\"widget\" data-e-type=\"widget\" data-widget_type=\"text-editor.default\">\n\t\t\t\t<div class=\"elementor-widget-container\">\n\t\t\t\t\t\t\t\t\t<p><strong>Offrez \u00e0 votre b\u00e9b\u00e9 une s\u00e9ance de yoga sp\u00e9cialement con\u00e7ue pour lui, adapt\u00e9e de ses premi\u00e8res semaines de vie jusqu\u2019au moment o\u00f9 il commence \u00e0 se retourner.\u00a0<\/strong><\/p><p>D\u00e8s 3 semaines et jusqu\u2019aux 5-6 mois de votre enfant, nous explorons ensemble des postures douces et des gestes de relaxation qui stimulent son bien-\u00eatre physique, \u00e9motionnel et cognitif. Le B\u00e9b\u00e9 Yoga est une approche holistique qui contribue au d\u00e9veloppement naturel de votre b\u00e9b\u00e9 tout en favorisant un moment de connexion unique entre parent et enfant.<\/p>\t\t\t\t\t\t\t\t<\/div>\n\t\t\t\t<\/div>\n\t\t\t\t<div class=\"elementor-element elementor-element-66f10a8 elementor-widget elementor-widget-heading\" data-id=\"66f10a8\" data-element_type=\"widget\" data-e-type=\"widget\" data-widget_type=\"heading.default\">\n\t\t\t\t<div class=\"elementor-widget-container\">\n\t\t\t\t\t<h4 class=\"elementor-heading-title elementor-size-default\"><b>Les bienfaits du B\u00e9b\u00e9 Yoga <\/b><\/h4>\t\t\t\t<\/div>\n\t\t\t\t<\/div>\n\t\t\t\t<div class=\"elementor-element elementor-element-8d892eb elementor-widget elementor-widget-text-editor\" data-id=\"8d892eb\" data-element_type=\"widget\" data-e-type=\"widget\" data-widget_type=\"text-editor.default\">\n\t\t\t\t<div class=\"elementor-widget-container\">\n\t\t\t\t\t\t\t\t\t<p>Le yoga pour b\u00e9b\u00e9 est bien plus qu\u2019une simple s\u00e9ance de mouvements doux. Cette pratique offre \u00e0 votre enfant une exp\u00e9rience sensorielle riche, qui :<\/p><p>\u2022 Stimule le d\u00e9veloppement moteur : En favorisant la souplesse et la force, le yoga aide le b\u00e9b\u00e9 \u00e0 mieux d\u00e9couvrir son corps, \u00e0 mieux coordonner ses mouvements et \u00e0 acqu\u00e9rir des postures, comme le retournement dos-ventre et ventre-dos.<\/p><p>\u2022 Soulage les tensions : Certaines postures permettent de d\u00e9tendre les zones sensibles de b\u00e9b\u00e9, en particulier le dos, les \u00e9paules et le ventre, souvent sujet aux inconforts comme les coliques.<\/p><p>\u2022 Am\u00e9liore le sommeil : En le relaxant et en lib\u00e9rant les \u00e9ventuelles tensions, le yoga favorise un sommeil apais\u00e9.<\/p><p>\u2022 Renforce le lien parent-b\u00e9b\u00e9 : Partager cette pratique ensemble renforce les liens \u00e9motionnels et instaure une routine de confiance et de s\u00e9curit\u00e9.<\/p>\t\t\t\t\t\t\t\t<\/div>\n\t\t\t\t<\/div>\n\t\t\t\t<\/div>\n\t\t<div class=\"elementor-element elementor-element-332a275 e-con-full e-flex e-con e-child\" data-id=\"332a275\" data-element_type=\"container\" data-e-type=\"container\">\n\t\t\t\t<div class=\"elementor-element elementor-element-b15bea6 elementor-widget elementor-widget-image\" data-id=\"b15bea6\" data-element_type=\"widget\" data-e-type=\"widget\" data-widget_type=\"image.default\">\n\t\t\t\t<div class=\"elementor-widget-container\">\n\t\t\t\t\t\t\t\t\t\t\t\t\t\t\t<img fetchpriority=\"high\" decoding=\"async\" width=\"1024\" height=\"1024\" src=\"https:\/\/maparentalite-emois.fr\/wp-content\/uploads\/2024\/10\/11-1024x1024.png\" class=\"attachment-large size-large wp-image-318\" alt=\"\" srcset=\"https:\/\/maparentalite-emois.fr\/wp-content\/uploads\/2024\/10\/11-1024x1024.png 1024w, https:\/\/maparentalite-emois.fr\/wp-content\/uploads\/2024\/10\/11-300x300.png 300w, https:\/\/maparentalite-emois.fr\/wp-content\/uploads\/2024\/10\/11-150x150.png 150w, https:\/\/maparentalite-emois.fr\/wp-content\/uploads\/2024\/10\/11-768x768.png 768w, https:\/\/maparentalite-emois.fr\/wp-content\/uploads\/2024\/10\/11.png 1080w\" sizes=\"(max-width: 1024px) 100vw, 1024px\" \/>\t\t\t\t\t\t\t\t\t\t\t\t\t\t\t<\/div>\n\t\t\t\t<\/div>\n\t\t\t\t<div class=\"elementor-element elementor-element-75cb8bf elementor-widget elementor-widget-heading\" data-id=\"75cb8bf\" data-element_type=\"widget\" data-e-type=\"widget\" data-widget_type=\"heading.default\">\n\t\t\t\t<div class=\"elementor-widget-container\">\n\t\t\t\t\t<h4 class=\"elementor-heading-title elementor-size-default\"><u> Tarifs et d\u00e9placements<\/u><\/h4>\t\t\t\t<\/div>\n\t\t\t\t<\/div>\n\t\t\t\t<div class=\"elementor-element elementor-element-01923fd elementor-widget elementor-widget-text-editor\" data-id=\"01923fd\" data-element_type=\"widget\" data-e-type=\"widget\" data-widget_type=\"text-editor.default\">\n\t\t\t\t<div class=\"elementor-widget-container\">\n\t\t\t\t\t\t\t\t\t<p>\u00a0\u2022 \u00c0 domicile : 25 \u20ac la s\u00e9ance (suppl\u00e9ment de 5 \u20ac au-del\u00e0 de 15 km).\u00a0<\/p><p>\u2022 Collective: 15 \u20ac la s\u00e9ance.<\/p><p>Dur\u00e9e : 1 heure en pr\u00e9sentiel, 45 min \u00e0 1 heure .\u00a0<\/p><p>Que vous pr\u00e9f\u00e9riez une s\u00e9ance individuelle \u00e0 domicile ou collective, chaque moment est pens\u00e9 pour offrir \u00e0 votre b\u00e9b\u00e9 un instant de douceur et de d\u00e9couverte.\u00a0<\/p>\t\t\t\t\t\t\t\t<\/div>\n\t\t\t\t<\/div>\n\t\t\t\t<\/div>\n\t\t<div class=\"elementor-element elementor-element-ff2e408 e-con-full e-flex e-con e-child\" data-id=\"ff2e408\" data-element_type=\"container\" data-e-type=\"container\">\n\t\t\t\t<div class=\"elementor-element elementor-element-9acf86e elementor-widget elementor-widget-heading\" data-id=\"9acf86e\" data-element_type=\"widget\" data-e-type=\"widget\" data-widget_type=\"heading.default\">\n\t\t\t\t<div class=\"elementor-widget-container\">\n\t\t\t\t\t<h4 class=\"elementor-heading-title elementor-size-default\"><b>D\u00e9roulement d\u2019une s\u00e9ance B\u00e9b\u00e9 Yoga<\/b><\/h4>\t\t\t\t<\/div>\n\t\t\t\t<\/div>\n\t\t\t\t<div class=\"elementor-element elementor-element-a458156 elementor-widget elementor-widget-text-editor\" data-id=\"a458156\" data-element_type=\"widget\" data-e-type=\"widget\" data-widget_type=\"text-editor.default\">\n\t\t\t\t<div class=\"elementor-widget-container\">\n\t\t\t\t\t\t\t\t\t<p>Chaque s\u00e9ance de B\u00e9b\u00e9 Yoga est un doux m\u00e9lange de mouvements, de massage et d\u2019\u00e9veil, le tout con\u00e7u pour le bien-\u00eatre de votre enfant et pour un moment de d\u00e9tente et de plaisir partag\u00e9.\u00a0<\/p>\t\t\t\t\t\t\t\t<\/div>\n\t\t\t\t<\/div>\n\t\t\t\t<div class=\"elementor-element elementor-element-108a165 elementor-widget elementor-widget-heading\" data-id=\"108a165\" data-element_type=\"widget\" data-e-type=\"widget\" data-widget_type=\"heading.default\">\n\t\t\t\t<div class=\"elementor-widget-container\">\n\t\t\t\t\t<h4 class=\"elementor-heading-title elementor-size-default\"><u>\u00c0 domicile (1 heure) :<\/u><\/h4>\t\t\t\t<\/div>\n\t\t\t\t<\/div>\n\t\t\t\t<div class=\"elementor-element elementor-element-9c3c225 elementor-widget elementor-widget-text-editor\" data-id=\"9c3c225\" data-element_type=\"widget\" data-e-type=\"widget\" data-widget_type=\"text-editor.default\">\n\t\t\t\t<div class=\"elementor-widget-container\">\n\t\t\t\t\t\t\t\t\t<p>\u00a0<u>\u2022 Temps de postures douces :<\/u> Nous commencerons avec quelques postures adapt\u00e9es au b\u00e9b\u00e9, dans un rythme respectueux et s\u00e9curis\u00e9 pour favoriser l\u2019exploration du mouvement.\u00a0<\/p><p>\u2022<u> Temps de massage :<\/u> Apr\u00e8s les postures, un temps de massage permet de d\u00e9tendre b\u00e9b\u00e9 et de soulager ses \u00e9ventuelles petites tensions.<\/p><p><u>\u00a0\u2022 Temps d\u2019\u00e9veil :<\/u> Pour finir, nous explorerons ensemble des exercices d\u2019\u00e9veil qui stimulent la curiosit\u00e9 et les sens de votre b\u00e9b\u00e9.<\/p><p>\u00a0<\/p><p><i><b><u>Il est \u00e9galement possible si vous le souhaitez de faire des postures maman b\u00e9b\u00e9, pensez \u00e0 prendre une tenue confortable.<\/u><\/b><\/i><\/p>\t\t\t\t\t\t\t\t<\/div>\n\t\t\t\t<\/div>\n\t\t\t\t<\/div>\n\t\t<div class=\"elementor-element elementor-element-b97f98e e-con-full e-flex e-con e-child\" data-id=\"b97f98e\" data-element_type=\"container\" data-e-type=\"container\">\n\t\t\t\t<div class=\"elementor-element elementor-element-db1d139 elementor-widget elementor-widget-text-editor\" data-id=\"db1d139\" data-element_type=\"widget\" data-e-type=\"widget\" data-widget_type=\"text-editor.default\">\n\t\t\t\t<div class=\"elementor-widget-container\">\n\t\t\t\t\t\t\t\t\t<h1><b>\u00a0 R\u00e9servez votre s\u00e9ance et offrez \u00e0 votre b\u00e9b\u00e9 une pause bien-\u00eatre dans son quotidien !<\/b><\/h1>\t\t\t\t\t\t\t\t<\/div>\n\t\t\t\t<\/div>\n\t\t\t\t<div class=\"elementor-element elementor-element-a072a58 elementor-widget elementor-widget-button\" data-id=\"a072a58\" data-element_type=\"widget\" data-e-type=\"widget\" data-widget_type=\"button.default\">\n\t\t\t\t<div class=\"elementor-widget-container\">\n\t\t\t\t\t\t\t\t\t<div class=\"elementor-button-wrapper\">\n\t\t\t\t\t<a class=\"elementor-button elementor-button-link elementor-size-sm\" href=\"#\" id=\"id_service_amelia\">\n\t\t\t\t\t\t<span class=\"elementor-button-content-wrapper\">\n\t\t\t\t\t\t\t\t\t<span class=\"elementor-button-text\">Prendre rendez-vous<\/span>\n\t\t\t\t\t<\/span>\n\t\t\t\t\t<\/a>\n\t\t\t\t<\/div>\n\t\t\t\t\t\t\t\t<\/div>\n\t\t\t\t<\/div>\n\t\t\t\t<div class=\"elementor-element elementor-element-a82ae75 elementor-widget elementor-widget-catalogbooking\" data-id=\"a82ae75\" data-element_type=\"widget\" data-e-type=\"widget\" data-widget_type=\"catalogbooking.default\">\n\t\t\t\t<div class=\"elementor-widget-container\">\n\t\t\t\t\t\n<script>\n  if (typeof hasAmeliaEntitiesApiCall === 'undefined' && ('id_service_amelia' === '' && '1' !== '1')) {\n    var hasAmeliaEntitiesApiCall = true;\n  }\n  var ameliaShortcodeData = (typeof ameliaShortcodeData === 'undefined') ? [] : ameliaShortcodeData;\n  ameliaShortcodeData.push(\n    {\n      'hasApiCall': (typeof hasAmeliaEntitiesApiCall !== 'undefined') && hasAmeliaEntitiesApiCall,\n      'trigger': 'id_service_amelia',\n      'trigger_type': 'id',\n      'triggered_form': 'cbf',\n      'in_dialog': '1',\n      'show': '',\n      'counter': '1000',\n      'package': '',\n      'category': '',\n      'service': '4',\n      'employee': '',\n      'location': '',\n      'categories_hidden': '1'\n    }\n  );\n  var ameliaShortcodeDataTriggered = (typeof ameliaShortcodeDataTriggered === 'undefined') ? [] : ameliaShortcodeDataTriggered;\n  if (ameliaShortcodeData[ameliaShortcodeData.length - 1].trigger !== '') {\n    if (ameliaShortcodeDataTriggered.filter(a => a.counter === ameliaShortcodeData[ameliaShortcodeData.length - 1].counter).length === 0) {\n      ameliaShortcodeDataTriggered.push(ameliaShortcodeData.pop());\n    } else {\n      ameliaShortcodeData.pop()\n    }\n  }\n  if (typeof hasAmeliaEntitiesApiCall !== 'undefined' && hasAmeliaEntitiesApiCall) {\n    hasAmeliaEntitiesApiCall = false;\n  }\n<\/script>\n\n<div\n  id=\"amelia-v2-booking-1000\"\n  class=\"amelia-v2-booking amelia-skip-load amelia-skip-load-1000\"\n>\n    <dialog-forms><\/dialog-forms><\/div>\n\t\t\t\t<\/div>\n\t\t\t\t<\/div>\n\t\t\t\t<\/div>\n\t\t\t\t\t<\/div>\n\t\t\t\t<\/div>\n\t\t\t\t<\/div>\n\t\t","protected":false},"excerpt":{"rendered":"<p>B\u00e9b\u00e9 Yoga de la naissance \u00e0 6 mois Offrez \u00e0 votre b\u00e9b\u00e9 une s\u00e9ance de yoga sp\u00e9cialement con\u00e7ue pour lui, [&hellip;]<\/p>\n","protected":false},"author":1,"featured_media":0,"parent":0,"menu_order":0,"comment_status":"closed","ping_status":"closed","template":"","meta":{"site-sidebar-layout":"no-sidebar","site-content-layout":"","ast-site-content-layout":"full-width-container","site-content-style":"default","site-sidebar-style":"default","ast-global-header-display":"","ast-banner-title-visibility":"","ast-main-header-display":"","ast-hfb-above-header-display":"","ast-hfb-below-header-display":"","ast-hfb-mobile-header-display":"","site-post-title":"disabled","ast-breadcrumbs-content":"","ast-featured-img":"disabled","footer-sml-layout":"","ast-disable-related-posts":"","theme-transparent-header-meta":"default","adv-header-id-meta":"","stick-header-meta":"","header-above-stick-meta":"","header-main-stick-meta":"","header-below-stick-meta":"","astra-migrate-meta-layouts":"set","ast-page-background-enabled":"default","ast-page-background-meta":{"desktop":{"background-color":"var(--ast-global-color-4)","background-image":"","background-repeat":"repeat","background-position":"center center","background-size":"auto","background-attachment":"scroll","background-type":"","background-media":"","overlay-type":"","overlay-color":"","overlay-opacity":"","overlay-gradient":""},"tablet":{"background-color":"","background-image":"","background-repeat":"repeat","background-position":"center center","background-size":"auto","background-attachment":"scroll","background-type":"","background-media":"","overlay-type":"","overlay-color":"","overlay-opacity":"","overlay-gradient":""},"mobile":{"background-color":"","background-image":"","background-repeat":"repeat","background-position":"center center","background-size":"auto","background-attachment":"scroll","background-type":"","background-media":"","overlay-type":"","overlay-color":"","overlay-opacity":"","overlay-gradient":""}},"ast-content-background-meta":{"desktop":{"background-color":"var(--ast-global-color-5)","background-image":"","background-repeat":"repeat","background-position":"center center","background-size":"auto","background-attachment":"scroll","background-type":"","background-media":"","overlay-type":"","overlay-color":"","overlay-opacity":"","overlay-gradient":""},"tablet":{"background-color":"var(--ast-global-color-5)","background-image":"","background-repeat":"repeat","background-position":"center center","background-size":"auto","background-attachment":"scroll","background-type":"","background-media":"","overlay-type":"","overlay-color":"","overlay-opacity":"","overlay-gradient":""},"mobile":{"background-color":"var(--ast-global-color-5)","background-image":"","background-repeat":"repeat","background-position":"center center","background-size":"auto","background-attachment":"scroll","background-type":"","background-media":"","overlay-type":"","overlay-color":"","overlay-opacity":"","overlay-gradient":""}},"footnotes":""},"class_list":["post-191","page","type-page","status-publish","hentry"],"_links":{"self":[{"href":"https:\/\/maparentalite-emois.fr\/index.php\/wp-json\/wp\/v2\/pages\/191","targetHints":{"allow":["GET"]}}],"collection":[{"href":"https:\/\/maparentalite-emois.fr\/index.php\/wp-json\/wp\/v2\/pages"}],"about":[{"href":"https:\/\/maparentalite-emois.fr\/index.php\/wp-json\/wp\/v2\/types\/page"}],"author":[{"embeddable":true,"href":"https:\/\/maparentalite-emois.fr\/index.php\/wp-json\/wp\/v2\/users\/1"}],"replies":[{"embeddable":true,"href":"https:\/\/maparentalite-emois.fr\/index.php\/wp-json\/wp\/v2\/comments?post=191"}],"version-history":[{"count":22,"href":"https:\/\/maparentalite-emois.fr\/index.php\/wp-json\/wp\/v2\/pages\/191\/revisions"}],"predecessor-version":[{"id":1261,"href":"https:\/\/maparentalite-emois.fr\/index.php\/wp-json\/wp\/v2\/pages\/191\/revisions\/1261"}],"wp:attachment":[{"href":"https:\/\/maparentalite-emois.fr\/index.php\/wp-json\/wp\/v2\/media?parent=191"}],"curies":[{"name":"wp","href":"https:\/\/api.w.org\/{rel}","templated":true}]}}